 a factor of p?
True
Let u = 114 + -110. Let o(n) = n**3 + 7*n**2 - 4*n + 2. Is 9 a factor of o(u)?
True
Suppose 3*t + 5*p - 15 = -t, -2*p + 6 = -3*t. Suppose -2*s - 5*f + 27 = t, 0 = 3*f - 13 + 4. Is 47 a factor of (87/s - -3)/((-1)/(-12))?
False
Does 10 divide (3 - 1035/(-105))/((-6)/(-2044))?
True
Suppose -4*r - 2*t + 0*t = -554, -2*r + 289 = -3*t. Let j be (-10)/(2 - -3) + 132. Suppose r + j = 6*k. Is 15 a factor of k?
True
Suppose 3*h - 17 = -5*t + t, -t + h = -6. Suppose 49 = 4*x + t. Suppose -c + x*c - 480 = 0. Is c a multiple of 15?
False
Let x(f) = 10061*f**3 - 14*f**2 + 24*f - 10. Is x(1) a multiple of 32?
False
Let w = 2212 - -7086. Does 20 divide w?
False
Let o be 2936/8 + -3 + 8. Let b = 1079 - o. Is b a multiple of 7?
True
Let f(r) be the second derivative of r**4/12 + 3*r**3 - 27*r**2 - 69*r. Is 21 a factor of f(9)?
True
Suppose -4*x = -4*s + 3*s + 2, x + 6 = 3*s. Suppose -6*n + 7*n + 10 = x. Is 25 a factor of n/((-4)/(-90)*-3)?
True
Suppose 3*s - 6314 = -4*f + 125, -5 = -5*f. Is 39 a factor of s?
True
Let t(l) = -7*l**2 + 35*l - 50. Let p(s) = 4*s**2 - 17*s + 27. Let q(u) = -5*p(u) - 3*t(u). Is q(21) a multiple of 12?
True
Suppose 2*v = 4*z + 10, -27 = -5*v - z - 2. Let t be 950/18 + (v - (-129)/(-27)). Suppose -2*u - t = -305. Does 14 divide u?
True
Let b(p) = p**2 + 21*p + 13. Let x be b(-16). Let c = x + 130. Let d = c + -48. Is 3 a factor of d?
True
Let h be 1387/3 + 16/(-12). Let v = -266 - -927. Let q = v - h. Is q a multiple of 34?
False
Let k(u) = 575*u + 1173. Is k(16) a multiple of 11?
True
Let w be (-12 + 30 + -12)*323/3. Let t = -779 + 385. Let o = w + t. Does 42 divide o?
True
Suppose 5*f = 15 - 60. Let d(u) = -14*u + 371. Let y be d(25). Is 8 a factor of y - 4/6*f/(-6)?
False
Suppose -5*j + 4*a + 177 + 2 = 0, -82 = -2*j - a. Let h = j - 37. Let g(l) = 3*l**3 - 3*l**2 + l + 6. Is g(h) a multiple of 4?
True
Let v(g) = -g**3 - 6*g**2 - 18*g + 78. Is v(-12) a multiple of 13?
False
Let k = 4717 + -1593. Does 22 divide k?
True
Let z(r) = -r**2 + 11*r - 22. Let p be z(8). Suppose 5*m + 5 = -3*f - p, -5*m + 5*f + 25 = 0. Let b(q) = 34*q**3 - q**2 - q + 1. Does 19 divide b(m)?
False
Suppose 17*n - 17676 - 3230 = -506. Is n a multiple of 15?
True
Is (12 - 3900/(-24))/(1/14) a multiple of 5?
False
Suppose -27*r - 13798 = -8*r - 96524. Is 19 a factor of r?
False
Let s = -587 + 593. Let m(h) = 36*h - 128. Does 11 divide m(s)?
True
Let w(n) = n**3 - 2*n**2 + 2*n - 1. Let d be w(2). Let t(k) = 2*k**2 + k**d + 9*k**2 - 18*k**2 + 6*k + 2. Does 11 divide t(7)?
True
Suppose -x = a + 6, -25*x + 18 = -4*a - 23*x. Is 6 a factor of 3 - -2 - (995 - 5)/a?
False
Let i = -5844 + 14157. Is 51 a factor of i?
True
Let p be 77/5 - (-4)/(-10). Suppose 0 = 4*t - 7*t + p. Suppose 2*n - 4*n = t*j - 40, -n + 32 = 4*j. Does 8 divide j?
True
Is 5065 + (-6*(-7)/63)/(20/90) a multiple of 23?
False
Suppose 11*s - 15*s - 604 = 0. Let l = s - -177. Is l a multiple of 7?
False
Suppose l - 113 = -4*q, 4*q - 7*q - 473 = -5*l. Let i = 154 - l. Is 19 a factor of i?
True
Let i(r) = 559*r - 1183. Is 15 a factor of i(7)?
True
Let l = -29 + 18. Let g(c) be the third derivative of -3*c**4/8 + 16*c**3/3 - 490*c**2. Is 25 a factor of g(l)?
False
Suppose 5*k - 7304 - 3566 = 0. Is k a multiple of 10?
False
Let s(u) = u**2 + u - 12. Let m(d) = 196*d**3 + 2*d**2 + 8*d + 9 - 3*d**2 - 195*d**3 + 7*d**2. Let c be m(-4). Is s(c) a multiple of 13?
True
Let z = -117 + -112. Let h = -131 - z. Is h a multiple of 28?
False
Let t be (-2)/(-7)*(-1)/((-13)/182). Suppose -2*l + 3835 = -5*r, 0*l + t*r + 5735 = 3*l. Is 24 a factor of l?
False
Suppose 5*d + 3245 = -5*r, -4*r - d = -5*d + 2612. Let i = 998 + r. Is i a multiple of 15?
False
Let l(g) = -89*g - 516. Is l(-32) a multiple of 53?
True
Let i = 8867 - 8544. Is 17 a factor of i?
True
Suppose 54617*x + 228501 = 54630*x. Does 81 divide x?
True
Suppose 68*v = 78*v - 37*v + 718740. Is 55 a factor of v?
True
Suppose m + 5*l = -8, -4*l + 8 + 0 = -m. Does 3 divide 4 - m*(-1 + (-8)/(-4))?
True
Let f(u) = -2*u**2 - 6*u - 4. Let y(s) = -s**2 - s. Let m(n) = f(n) - 3*y(n). Let g be (6/(-1))/((-6)/8). Is m(g) a multiple of 9?
True
Let v(c) = -c**2 + 21*c - 41. Let f be v(18). Suppose 0 = -f*a + 18*a - 1890. Is a a multiple of 6?
True
Suppose -35*t = -39*t + 1656. Suppose 0 = 3*d - 123 - t. Suppose 2*z = 4*m - z - d, 0 = 5*m + 3*z - 217. Is m a multiple of 8?
False
Let a(h) = -3*h**3 + 412*h**2 - 132*h - 610. Let r be a(137). Suppose 2*l = -3*l - 380. Does 5 divide (-15)/r + l/(-5)?
True
Let d(v) = -3*v**2 + 78*v + 9. Let x be d(26). Is 11 a factor of ((-12)/(-10))/(x/315)?
False
Let p = 936 + -371. Let r = 981 - p. Is 26 a factor of r?
True
Suppose 4 = 2*x, 0 = p - 5*x - 4 + 14. Let z = 7 + -3. Suppose -4*a + p*a - z*w = -860, -a = -2*w - 215. Is 43 a factor of a?
True
Let y(r) = r**3 + 8*r**2 - 17*r - 86. Is 7 a factor of y(20)?
False
Suppose -4*i + 2*d + 13812 = 0, -40*i - d = -41*i + 3453. Does 104 divide i?
False
Is (103360/70)/(28/98) a multiple of 136?
True
Does 8 divide (207 - 271)*(-1 - -2 - 72)?
True
Suppose 1065684 = 139*m - 858746 - 2163699. Is 15 a factor of m?
False
Suppose 0 = 4*v - 4*c - 3104, 0*v + 5*v - 3910 = -5*c. Let z = v - 210. Is z a multiple of 64?
False
Let y(x) = -6*x + 21. Let m be y(-41). Let u = m - 72. Does 39 divide u?
True
Suppose 13*m - 738 - 666 = 0. Suppose m = -4*s + 1428. Is 66 a factor of s?
True
Let f = -95 - -205. Suppose -4*n - 6*n = f. Let q(i) = 3*i**2 + 14*i + 7. Is 32 a factor of q(n)?
False
Let f = 9 + -9. Suppose f = -25*s + 24*s - 37. Let j = 65 + s. Is j a multiple of 4?
True
Suppose -217 + 65 = -4*a - 4*o, -5*o - 179 = -4*a. Is 43 a factor of (a - -2)/((-13)/(-117))?
True
Suppose -32 + 29 = -a. Suppose 4*g - 1888 = -4*w, g + a*w - 278 = 202. Is g a multiple of 6?
True
Does 13 divide (-1 + (-73404)/(-72))*(-104)/(-6)?
True
Let s(t) = -102*t - 6392. Does 76 divide s(-126)?
True
Let a(p) = 2*p**2 + p - 38. Let v be a(14). Let y = -284 + v. Is 12 a factor of y?
True
Suppose -2*a + 29943 = 5*l, 0 = a + 11*l - 9*l - 14975. Is a a multiple of 23?
False
Suppose 15*s + 206742 = 95*s - 189018. Is s a multiple of 51?
True
Let s be ((-1 - -1)/(1/(-1)))/1. Suppose -d + 5*h = -0*d + 6, s = 5*d - 5*h - 70. Does 9 divide d + -4 + 5 + -2?
True
Let g be ((-4)/(-5))/((-2)/35). Let k be ((-539)/g - 0) + 2/(-4). Suppose -3*n = -680 + k. Does 52 divide n?
False
Let q(m) = -2*m - 1. Let a(v) = -5*v - 3. Let i(r) = -3*a(r) + 8*q(r). Let l be i(-2). Suppose 0 = -4*w - u + 23, w - l*u = -4*w + 16. Does 3 divide w?
False
Does 50 divide (-101 + -1)*(-110 - -35)?
True
Suppose 4*g = 20, 2*g + 3*g = -4*x + 229. Let r = x + 16. Suppose -13 + r = 2*c. Is c a multiple of 3?
True
Let q(f) = f**3 - 10*f**2 + 11*f - 18. Let c be q(9). Let u(b) = 3*b**2 + 78 - 4*b**2 - 14. Does 16 divide u(c)?
True
Suppose 73*x = -107*x + 1735200. Is x a multiple of 49?
False
Let d(g) = -g**2 - 12*g - 36. Let w be d(-9). Is (6 - w/(-2))*1366/3 a multiple of 74?
False
Suppose 5*o = -11*y + 7*y + 15, -2*o + 4*y - 22 = 0. Is 35 a factor of (-3*o/(-2))/(3/(-274))?
False
Let v = -5059 + 4905. Let t = 582 - 284. Let g = v + t. Does 12 divide g?
True
Let c(k) be the second derivative of -k**5/20 - k**4 + 7*k**3/3 - 45*k**2/2 + 4*k + 3. Does 28 divide c(-15)?
True
Let v = -56 - -59. Let h = 45 - 43. Suppose 2*g + 822 = 5*s - h*g, -v = g. Does 27 divide s?
True
Let d = -4836 - -6614. Is d a multiple of 17?
False
Let c(j) = -j**2 - 31*j + 34. Let m be c(-32). Suppose -12*d + 110 = -m*d. Suppose -828 = 5*w - d*w. Is 9 a factor of w?
False
Let r = -118 - -123. Suppose r*i + 5*h - 540 = 0, 2*i - 166 - 50 = 3*h. Is i a multiple of 54?
True
Let m = -311 + 318. Is 9 a factor of 75 + (-35)/m + -3?
False
Let m = -27907 - -38393. Is 70 a factor of m?
False
Suppose -12*u - 120 = -10*u. Let f be (-58)/(-12) + (-10)/u. Suppose 3*r = 4*y - 163, 6*y = 2*y - f*r + 123. Is y a multiple of 6?
False
Let f = 564 + -565. Is 17 a factor of (37 - 30) + 504 + f?
True
Suppose -5*x + d = -510, -4*x - 3*d + 123 = -285. Suppose 0 = -5*z - 77 + x. Suppose -z*o = -2*o - 243. Does 9 divide o?
True
Suppose -7*d = 7*d - 84. Let b = d - -314. Is b a multiple of 10?
True
Suppose -f = 2*x - 6*x - 53, -4*x = -3*f + 55. Let r = 50 + x. Let s = -22 + r. Is s a multiple of 5?
True
Let i(k) 